[INFO] cloning repository https://github.com/n3phtys/cervisia-server
[INFO] running `Command { std: "git" "-c" "credential.helper=" "-c" "credential.helper=/workspace/cargo-home/bin/git-credential-null" "clone" "--bare" "https://github.com/n3phtys/cervisia-server" "/workspace/cache/git-repos/https%3A%2F%2Fgithub.com%2Fn3phtys%2Fcervisia-server", kill_on_drop: false }`
[INFO] [stderr] Cloning into bare repository '/workspace/cache/git-repos/https%3A%2F%2Fgithub.com%2Fn3phtys%2Fcervisia-server'...
[INFO] running `Command { std: "git" "rev-parse" "HEAD", kill_on_drop: false }`
[INFO] [stdout] 89558ad4d67ecc5070e857415c384d11c814c4bf
[INFO] checking n3phtys/cervisia-server against master#af3c6e733a40e671550e0f0f5aeecaa13772ba56 for pr-74989
[INFO] running `Command { std: "git" "clone" "/workspace/cache/git-repos/https%3A%2F%2Fgithub.com%2Fn3phtys%2Fcervisia-server" "/workspace/builds/worker-8/source", kill_on_drop: false }`
[INFO] [stderr] Cloning into '/workspace/builds/worker-8/source'...
[INFO] [stderr] done.
[INFO] validating manifest of git repo https://github.com/n3phtys/cervisia-server on toolchain af3c6e733a40e671550e0f0f5aeecaa13772ba56
[INFO] running `Command { std: "/workspace/cargo-home/bin/cargo" "+af3c6e733a40e671550e0f0f5aeecaa13772ba56" "read-manifest" "--manifest-path" "Cargo.toml", kill_on_drop: false }`
[INFO] started tweaking git repo https://github.com/n3phtys/cervisia-server
[INFO] removed path dependency rustix-bl from git repo https://github.com/n3phtys/cervisia-server
[INFO] finished tweaking git repo https://github.com/n3phtys/cervisia-server
[INFO] tweaked toml for git repo https://github.com/n3phtys/cervisia-server written to /workspace/builds/worker-8/source/Cargo.toml
[INFO] crate git repo https://github.com/n3phtys/cervisia-server already has a lockfile, it will not be regenerated
[INFO] running `Command { std: "/workspace/cargo-home/bin/cargo" "+af3c6e733a40e671550e0f0f5aeecaa13772ba56" "fetch" "--locked" "--manifest-path" "Cargo.toml", kill_on_drop: false }`
[INFO] [stderr] warning: dependency (rustix-bl) specified without providing a local path, Git repository, or version to use. This will be considered an error in future versions
[INFO] [stderr]     Blocking waiting for file lock on package cache
[INFO] [stderr]     Updating crates.io index
[INFO] [stderr] error: the lock file /workspace/builds/worker-8/source/Cargo.lock needs to be updated but --locked was passed to prevent this
[INFO] [stderr] If you want to try to generate the lock file without accessing the network, use the --offline flag.
[INFO] the lockfile is outdated, regenerating it
[INFO] running `Command { std: "/workspace/cargo-home/bin/cargo" "+af3c6e733a40e671550e0f0f5aeecaa13772ba56" "generate-lockfile" "--manifest-path" "Cargo.toml" "-Zno-index-update", kill_on_drop: false }`
[INFO] [stderr]     Blocking waiting for file lock on package cache
[INFO] running `Command { std: "/workspace/cargo-home/bin/cargo" "+af3c6e733a40e671550e0f0f5aeecaa13772ba56" "fetch" "--locked" "--manifest-path" "Cargo.toml", kill_on_drop: false }`
[INFO] [stderr] warning: dependency (rustix-bl) specified without providing a local path, Git repository, or version to use. This will be considered an error in future versions
[INFO] [stderr]     Blocking waiting for file lock on package cache
[INFO] [stderr]     Blocking waiting for file lock on package cache
[INFO] running `Command { std: "docker" "create" "-v" "/var/lib/crater-agent-workspace/builds/worker-8/target:/opt/rustwide/target:rw,Z" "-v" "/var/lib/crater-agent-workspace/builds/worker-8/source:/opt/rustwide/workdir:ro,Z" "-v" "/var/lib/crater-agent-workspace/cargo-home:/opt/rustwide/cargo-home:ro,Z" "-v" "/var/lib/crater-agent-workspace/rustup-home:/opt/rustwide/rustup-home:ro,Z" "-e" "SOURCE_DIR=/opt/rustwide/workdir" "-e" "CARGO_TARGET_DIR=/opt/rustwide/target" "-e" "CARGO_HOME=/opt/rustwide/cargo-home" "-e" "RUSTUP_HOME=/opt/rustwide/rustup-home" "-w" "/opt/rustwide/workdir" "-m" "1610612736" "--user" "0:0" "--network" "none" "rustops/crates-build-env@sha256:d92eaeed33fa75130ca1ee6c8a01d1ffb62bac859dfdfb3450e3e5d1c0146529" "/opt/rustwide/cargo-home/bin/cargo" "+af3c6e733a40e671550e0f0f5aeecaa13772ba56" "metadata" "--no-deps" "--format-version=1", kill_on_drop: false }`
[INFO] [stderr] WARNING: Your kernel does not support swap limit capabilities or the cgroup is not mounted. Memory limited without swap.
[INFO] [stdout] 63c4c6e32f9b674a6c218398e351b637784ef1d615228d497c48652283dedb92
[INFO] running `Command { std: "docker" "start" "-a" "63c4c6e32f9b674a6c218398e351b637784ef1d615228d497c48652283dedb92", kill_on_drop: false }`
[INFO] running `Command { std: "docker" "inspect" "63c4c6e32f9b674a6c218398e351b637784ef1d615228d497c48652283dedb92", kill_on_drop: false }`
[INFO] running `Command { std: "docker" "rm" "-f" "63c4c6e32f9b674a6c218398e351b637784ef1d615228d497c48652283dedb92", kill_on_drop: false }`
[INFO] [stdout] 63c4c6e32f9b674a6c218398e351b637784ef1d615228d497c48652283dedb92
[INFO] running `Command { std: "docker" "create" "-v" "/var/lib/crater-agent-workspace/builds/worker-8/target:/opt/rustwide/target:rw,Z" "-v" "/var/lib/crater-agent-workspace/builds/worker-8/source:/opt/rustwide/workdir:ro,Z" "-v" "/var/lib/crater-agent-workspace/cargo-home:/opt/rustwide/cargo-home:ro,Z" "-v" "/var/lib/crater-agent-workspace/rustup-home:/opt/rustwide/rustup-home:ro,Z" "-e" "SOURCE_DIR=/opt/rustwide/workdir" "-e" "CARGO_TARGET_DIR=/opt/rustwide/target" "-e" "CARGO_INCREMENTAL=0" "-e" "RUST_BACKTRACE=full" "-e" "RUSTFLAGS=--cap-lints=forbid" "-e" "CARGO_HOME=/opt/rustwide/cargo-home" "-e" "RUSTUP_HOME=/opt/rustwide/rustup-home" "-w" "/opt/rustwide/workdir" "-m" "1610612736" "--user" "0:0" "--network" "none" "rustops/crates-build-env@sha256:d92eaeed33fa75130ca1ee6c8a01d1ffb62bac859dfdfb3450e3e5d1c0146529" "/opt/rustwide/cargo-home/bin/cargo" "+af3c6e733a40e671550e0f0f5aeecaa13772ba56" "check" "--frozen" "--all" "--all-targets" "--message-format=json", kill_on_drop: false }`
[INFO] [stdout] f194f0dff72550cddfc0d87595919706e6ca3a99cae2cb11d48a3e90eb2a4410
[INFO] [stderr] WARNING: Your kernel does not support swap limit capabilities or the cgroup is not mounted. Memory limited without swap.
[INFO] running `Command { std: "docker" "start" "-a" "f194f0dff72550cddfc0d87595919706e6ca3a99cae2cb11d48a3e90eb2a4410", kill_on_drop: false }`
[INFO] [stderr] warning: dependency (rustix-bl) specified without providing a local path, Git repository, or version to use. This will be considered an error in future versions
[INFO] [stderr]    Compiling libc v0.2.77
[INFO] [stderr]    Compiling autocfg v1.0.1
[INFO] [stderr]    Compiling log v0.4.11
[INFO] [stderr]    Compiling byteorder v1.3.4
[INFO] [stderr]    Compiling version_check v0.1.5
[INFO] [stderr]    Compiling cc v1.0.59
[INFO] [stderr]    Compiling proc-macro2 v1.0.21
[INFO] [stderr]    Compiling version_check v0.9.2
[INFO] [stderr]    Compiling pkg-config v0.3.18
[INFO] [stderr]    Compiling unicode-xid v0.2.1
[INFO] [stderr]     Checking slab v0.4.2
[INFO] [stderr]    Compiling autocfg v0.1.7
[INFO] [stderr]    Compiling syn v1.0.41
[INFO] [stderr]     Checking fnv v1.0.7
[INFO] [stderr]    Compiling maybe-uninit v2.0.0
[INFO] [stderr]     Checking tinyvec v0.3.4
[INFO] [stderr]    Compiling httparse v1.3.4
[INFO] [stderr]     Checking matches v0.1.8
[INFO] [stderr]    Compiling bitflags v1.2.1
[INFO] [stderr]    Compiling rand_core v0.4.2
[INFO] [stderr]     Checking safemem v0.3.3
[INFO] [stderr]    Compiling serde v1.0.116
[INFO] [stderr]     Checking itoa v0.4.6
[INFO] [stderr]     Checking traitobject v0.1.0
[INFO] [stderr]     Checking scopeguard v1.1.0
[INFO] [stderr]     Checking rustc-serialize v0.3.24
[INFO] [stderr]     Checking percent-encoding v1.0.1
[INFO] [stderr]     Checking language-tags v0.2.2
[INFO] [stderr]     Checking typeable v0.1.2
[INFO] [stderr]    Compiling ryu v1.0.5
[INFO] [stderr]     Checking modifier v0.1.0
[INFO] [stderr]     Checking lazy_static v0.2.11
[INFO] [stderr]     Checking bytes v0.5.6
[INFO] [stderr]     Checking futures-core v0.3.5
[INFO] [stderr]    Compiling siphasher v0.2.3
[INFO] [stderr]    Compiling pin-project-internal v0.4.23
[INFO] [stderr]    Compiling serde_json v1.0.57
[INFO] [stderr]     Checking encoding_index_tests v0.1.4
[INFO] [stderr]     Checking foreign-types-shared v0.1.1
[INFO] [stderr]    Compiling openssl v0.10.30
[INFO] [stderr]     Checking dtoa v0.4.6
[INFO] [stderr]     Checking pin-project-lite v0.1.7
[INFO] [stderr]    Compiling unicode-xid v0.0.4
[INFO] [stderr]    Compiling native-tls v0.2.4
[INFO] [stderr]    Compiling serde_derive v1.0.116
[INFO] [stderr]    Compiling quote v0.3.15
[INFO] [stderr]     Checking openssl-probe v0.1.2
[INFO] [stderr]     Checking hashbrown v0.9.0
[INFO] [stderr]     Checking futures-task v0.3.5
[INFO] [stderr]    Compiling getrandom v0.1.15
[INFO] [stderr]     Checking futures-sink v0.3.5
[INFO] [stderr]     Checking pin-utils v0.1.0
[INFO] [stderr]     Checking linked-hash-map v0.5.3
[INFO] [stderr]     Checking try-lock v0.2.3
[INFO] [stderr]    Compiling lexical-core v0.7.4
[INFO] [stderr]    Compiling crc32fast v1.2.0
[INFO] [stderr]     Checking mime v0.3.16
[INFO] [stderr]     Checking ascii_utils v0.9.3
[INFO] [stderr]    Compiling const_fn v0.4.2
[INFO] [stderr]     Checking percent-encoding v2.1.0
[INFO] [stderr]    Compiling derive_builder v0.5.1
[INFO] [stderr]     Checking quick-error v1.2.3
[INFO] [stderr]    Compiling proc-macro-hack v0.5.18
[INFO] [stderr]     Checking tower-service v0.3.0
[INFO] [stderr]     Checking itoa v0.3.4
[INFO] [stderr]    Compiling encoding_rs v0.8.24
[INFO] [stderr]     Checking serde v0.9.15
[INFO] [stderr]     Checking adler32 v1.2.0
[INFO] [stderr]     Checking arrayvec v0.5.1
[INFO] [stderr]     Checking ppv-lite86 v0.2.9
[INFO] [stderr]     Checking same-file v1.0.6
[INFO] [stderr]     Checking sequence_trie v0.2.1
[INFO] [stderr]     Checking bufstream v0.1.4
[INFO] [stderr]     Checking lazycell v1.3.0
[INFO] [stderr]     Checking untrusted v0.6.2
[INFO] [stderr]     Checking spin v0.5.2
[INFO] [stderr]     Checking route-recognizer v0.1.13
[INFO] [stderr]     Checking base64 v0.12.3
[INFO] [stderr]     Checking rust-ini v0.13.0
[INFO] [stderr]     Checking ipnet v2.3.0
[INFO] [stderr]     Checking custom_derive v0.1.7
[INFO] [stderr]     Checking termcolor v1.1.0
[INFO] [stderr]     Checking tracing-core v0.1.16
[INFO] [stderr]     Checking relay v0.1.1
[INFO] [stderr]     Checking tokio-sync v0.1.8
[INFO] [stderr]     Checking unicode-bidi v0.3.4
[INFO] [stderr]     Checking unicode-normalization v0.1.13
[INFO] [stderr]    Compiling rand_core v0.3.1
[INFO] [stderr]    Compiling rand_jitter v0.1.4
[INFO] [stderr]    Compiling unicase v2.6.0
[INFO] [stderr]    Compiling standback v0.2.10
[INFO] [stderr]    Compiling nom v5.1.2
[INFO] [stderr]    Compiling time v0.2.19
[INFO] [stderr]     Checking unsafe-any v0.4.2
[INFO] [stderr]     Checking lock_api v0.3.4
[INFO] [stderr]    Compiling unicase v1.4.2
[INFO] [stderr]    Compiling nom v4.2.3
[INFO] [stderr]    Compiling email v0.0.20
[INFO] [stderr]     Checking error v0.1.9
[INFO] [stderr]    Compiling rand_pcg v0.1.2
[INFO] [stderr]    Compiling rand_chacha v0.1.1
[INFO] [stderr]    Compiling rand v0.6.5
[INFO] [stderr]    Compiling num-traits v0.2.12
[INFO] [stderr]    Compiling crossbeam-utils v0.7.2
[INFO] [stderr]    Compiling num-integer v0.1.43
[INFO] [stderr]    Compiling memoffset v0.5.5
[INFO] [stderr]    Compiling crossbeam-epoch v0.8.2
[INFO] [stderr]    Compiling indexmap v1.6.0
[INFO] [stderr]    Compiling num-iter v0.1.41
[INFO] [stderr]     Checking futures-channel v0.3.5
[INFO] [stderr]     Checking serde_test v0.8.23
[INFO] [stderr]     Checking encoding-index-simpchinese v1.20141219.5
[INFO] [stderr]     Checking encoding-index-tradchinese v1.20141219.5
[INFO] [stderr]     Checking encoding-index-korean v1.20141219.5
[INFO] [stderr]     Checking encoding-index-japanese v1.20141219.5
[INFO] [stderr]     Checking encoding-index-singlebyte v1.20141219.5
[INFO] [stderr]     Checking foreign-types v0.3.2
[INFO] [stderr]    Compiling synom v0.11.3
[INFO] [stderr]     Checking yaml-rust v0.4.4
[INFO] [stderr]     Checking fast_chemail v0.9.6
[INFO] [stderr]     Checking humantime v1.3.0
[INFO] [stderr]     Checking http v0.2.1
[INFO] [stderr]     Checking miniz_oxide v0.3.7
[INFO] [stderr]     Checking walkdir v2.3.1
[INFO] [stderr]    Compiling rand_xorshift v0.1.1
[INFO] [stderr]    Compiling rand_isaac v0.1.1
[INFO] [stderr]    Compiling rand_hc v0.1.0
[INFO] [stderr]     Checking typemap v0.3.3
[INFO] [stderr]     Checking idna v0.1.5
[INFO] [stderr]     Checking idna v0.2.0
[INFO] [stderr]    Compiling openssl-sys v0.9.58
[INFO] [stderr]    Compiling bzip2-sys v0.1.9+1.0.8
[INFO] [stderr]    Compiling lmdb-sys v0.8.0
[INFO] [stderr]    Compiling ring v0.14.6
[INFO] [stderr]    Compiling syn v0.11.11
[INFO] [stderr]     Checking linked-hash-map v0.3.0
[INFO] [stderr]     Checking twoway v0.1.8
[INFO] [stderr]     Checking smallvec v0.6.13
[INFO] [stderr]     Checking log v0.3.9
[INFO] [stderr]     Checking tracing v0.1.19
[INFO] [stderr]     Checking want v0.3.0
[INFO] [stderr]     Checking want v0.0.4
[INFO] [stderr]     Checking encoding v0.2.33
[INFO] [stderr]     Checking plugin v0.2.6
[INFO] [stderr]     Checking conduit-mime-types v0.7.3
[INFO] [stderr]    Compiling quote v1.0.7
[INFO] [stderr]     Checking base64 v0.9.3
[INFO] [stderr]     Checking base64 v0.10.1
[INFO] [stderr]     Checking iovec v0.1.4
[INFO] [stderr]     Checking num_cpus v1.13.0
[INFO] [stderr]     Checking time v0.1.44
[INFO] [stderr]     Checking net2 v0.2.35
[INFO] [stderr]     Checking rand v0.4.6
[INFO] [stderr]     Checking memchr v1.0.2
[INFO] [stderr]     Checking rand_os v0.1.3
[INFO] [stderr]     Checking socket2 v0.3.15
[INFO] [stderr]     Checking hostname v0.1.5
[INFO] [stderr]     Checking inotify-sys v0.1.3
[INFO] [stderr]     Checking filetime v0.2.12
[INFO] [stderr]     Checking atty v0.2.14
[INFO] [stderr]     Checking url v2.1.1
[INFO] [stderr]     Checking flate2 v1.0.14
[INFO] [stderr]     Checking url v1.7.2
[INFO] [stderr]     Checking mime v0.2.6
[INFO] [stderr]     Checking phf_shared v0.7.24
[INFO] [stderr]    Compiling mime_guess v2.0.3
[INFO] [stderr]     Checking tokio-executor v0.1.10
[INFO] [stderr]     Checking crossbeam-queue v0.2.3
[INFO] [stderr]     Checking bytes v0.4.12
[INFO] [stderr]     Checking futures-cpupool v0.1.8
[INFO] [stderr]    Compiling derive_builder_core v0.2.0
[INFO] [stderr]     Checking buf_redux v0.6.3
[INFO] [stderr]     Checking rand_core v0.5.1
[INFO] [stderr]     Checking mio v0.6.22
[INFO] [stderr]     Checking inotify v0.7.1
[INFO] [stderr]     Checking env_logger v0.7.1
[INFO] [stderr]     Checking parking_lot_core v0.6.2
[INFO] [stderr]     Checking http-body v0.3.1
[INFO] [stderr]     Checking phf v0.7.24
[INFO] [stderr]     Checking num-traits v0.1.43
[INFO] [stderr]     Checking num-complex v0.1.43
[INFO] [stderr]     Checking tokio-current-thread v0.1.7
[INFO] [stderr]     Checking tokio-timer v0.2.13
[INFO] [stderr]     Checking rand v0.3.23
[INFO] [stderr]     Checking tempdir v0.3.7
[INFO] [stderr]     Checking crossbeam-deque v0.7.3
[INFO] [stderr]     Checking hyper v0.10.16
[INFO] [stderr]     Checking rand_chacha v0.2.2
[INFO] [stderr]     Checking tokio-io v0.1.13
[INFO] [stderr]     Checking parking_lot v0.9.0
[INFO] [stderr]     Checking serde_json v0.8.6
[INFO] [stderr]     Checking serde_json v0.9.10
[INFO] [stderr]     Checking serde-hjson v0.9.1
[INFO] [stderr]    Compiling typescriptify-derive v0.1.5
[INFO] [stderr]     Checking chrono v0.4.15
[INFO] [stderr]     Checking num-bigint v0.1.44
[INFO] [stderr]     Checking tokio v0.2.22
[INFO] [stderr]     Checking mio-uds v0.6.8
[INFO] [stderr]     Checking mio-extras v2.0.6
[INFO] [stderr]     Checking bzip2 v0.3.3
[INFO] [stderr]     Checking uuid v0.4.0
[INFO] [stderr]     Checking tokio-threadpool v0.1.18
[INFO] [stderr]     Checking rand v0.7.3
[INFO] [stderr]     Checking uuid v0.7.4
[INFO] [stderr]     Checking tokio-reactor v0.1.12
[INFO] [stderr]     Checking tokio-codec v0.1.2
[INFO] [stderr]    Compiling phf_generator v0.7.24
[INFO] [stderr]     Checking notify v4.0.15
[INFO] [stderr]     Checking typescriptify v0.1.5
[INFO] [stderr]     Checking num-rational v0.1.42
[INFO] [stderr]     Checking tokio-udp v0.1.6
[INFO] [stderr]     Checking tokio-uds v0.2.7
[INFO] [stderr]     Checking tokio-tcp v0.1.4
[INFO] [stderr]    Compiling phf_codegen v0.7.24
[INFO] [stderr]     Checking tokio-fs v0.1.7
[INFO] [stderr]     Checking lmdb v0.8.0
[INFO] [stderr]    Compiling mime_guess v1.8.8
[INFO] [stderr]     Checking num v0.1.42
[INFO] [stderr]     Checking tokio v0.1.22
[INFO] [stderr]     Checking iron v0.5.1
[INFO] [stderr]     Checking serde_yaml v0.7.5
[INFO] [stderr]     Checking toml v0.5.6
[INFO] [stderr]     Checking bincode v0.8.0
[INFO] [stderr]     Checking serde_urlencoded v0.6.1
[INFO] [stderr]     Checking tokio-core v0.1.17
[INFO] [stderr]     Checking persistent v0.3.0
[INFO] [stderr]     Checking mount v0.3.0
[INFO] [stderr]     Checking router v0.5.1
[INFO] [stderr]     Checking bodyparser v0.5.0
[INFO] [stderr]     Checking bodyparser v0.6.0
[INFO] [stderr]     Checking staticfile v0.4.0
[INFO] [stderr]     Checking urlencoded v0.5.0
[INFO] [stderr]     Checking tokio-proto v0.1.1
[INFO] [stderr]     Checking tokio-util v0.3.1
[INFO] [stderr]     Checking multipart v0.12.0
[INFO] [stderr]     Checking config v0.10.1
[INFO] [stderr]     Checking hyper v0.11.27
[INFO] [stderr]     Checking params v0.7.1
[INFO] [stderr]     Checking tokio-tls v0.3.1
[INFO] [stderr]    Compiling thiserror-impl v1.0.20
[INFO] [stderr]    Compiling time-macros-impl v0.1.1
[INFO] [stderr]     Checking time-macros v0.1.0
[INFO] [stderr]     Checking thiserror v1.0.20
[INFO] [stderr]     Checking zip v0.5.8
[INFO] [stderr]     Checking pin-project v0.4.23
[INFO] [stderr]     Checking futures-util v0.3.5
[INFO] [stderr]     Checking h2 v0.2.6
[INFO] [stderr]     Checking suffix-rs v0.1.0
[INFO] [stderr]     Checking lettre v0.9.3
[INFO] [stderr]     Checking jsonwebtoken v6.0.1
[INFO] [stderr]     Checking rustix-bl v0.5.0
[INFO] [stderr]     Checking lettre_email v0.9.4
[INFO] [stderr]     Checking hyper v0.13.7
[INFO] [stderr]     Checking hyper-tls v0.4.3
[INFO] [stderr]     Checking reqwest v0.10.8
[INFO] [stderr]     Checking cervisia-server v0.1.0 (/opt/rustwide/workdir)
[INFO] [stdout] error[E0425]: cannot find function `get_time` in crate `time`
[INFO] [stdout]    --> src/billformatter.rs:338:29
[INFO] [stdout]     |
[INFO] [stdout] 338 |     let millis: i64 = time::get_time().sec as i64 * 1000;
[INFO] [stdout]     |                             ^^^^^^^^ not found in `time`
[INFO] [stdout] 
[INFO] [stdout] 
[INFO] [stdout] error[E0425]: cannot find function `get_time` in crate `time`
[INFO] [stdout]    --> src/billformatter.rs:338:29
[INFO] [stdout]     |
[INFO] [stdout] 338 |     let millis: i64 = time::get_time().sec as i64 * 1000;
[INFO] [stdout]     |                             ^^^^^^^^ not found in `time`
[INFO] [stdout] 
[INFO] [stdout] 
[INFO] [stdout] warning: unused import: `SendmailTransport`
[INFO] [stdout]  --> src/mail.rs:7:14
[INFO] [stdout]   |
[INFO] [stdout] 7 | use lettre::{SendmailTransport, SendableEmail, SmtpTransport, Envelope, EmailAddress, SmtpClient, Transport};
[INFO] [stdout]   |              ^^^^^^^^^^^^^^^^^
[INFO] [stdout]   |
[INFO] [stdout]   = note: `#[warn(unused_imports)]` on by default
[INFO] [stdout] 
[INFO] [stdout] 
[INFO] [stdout] warning: unused import: `lettre_email::*`
[INFO] [stdout]  --> src/mail.rs:8:5
[INFO] [stdout]   |
[INFO] [stdout] 8 | use lettre_email::*;
[INFO] [stdout]   |     ^^^^^^^^^^^^^^^
[INFO] [stdout] 
[INFO] [stdout] 
[INFO] [stdout] warning: unused import: `std::path::Path`
[INFO] [stdout]   --> src/mail.rs:16:5
[INFO] [stdout]    |
[INFO] [stdout] 16 | use std::path::Path;
[INFO] [stdout]    |     ^^^^^^^^^^^^^^^
[INFO] [stdout] 
[INFO] [stdout] 
[INFO] [stdout] warning: trait objects without an explicit `dyn` are deprecated
[INFO] [stdout]    --> src/manager.rs:235:40
[INFO] [stdout]     |
[INFO] [stdout] 235 | ) -> std::result::Result<Purchase, Box<std::error::Error>> {
[INFO] [stdout]     |                                        ^^^^^^^^^^^^^^^^^ help: use `dyn`: `dyn std::error::Error`
[INFO] [stdout]     |
[INFO] [stdout]     = note: `#[warn(bare_trait_objects)]` on by default
[INFO] [stdout] 
[INFO] [stdout] 
[INFO] [stdout] warning: unused import: `SendmailTransport`
[INFO] [stdout]  --> src/mail.rs:7:14
[INFO] [stdout]   |
[INFO] [stdout] 7 | use lettre::{SendmailTransport, SendableEmail, SmtpTransport, Envelope, EmailAddress, SmtpClient, Transport};
[INFO] [stdout]   |              ^^^^^^^^^^^^^^^^^
[INFO] [stdout]   |
[INFO] [stdout]   = note: `#[warn(unused_imports)]` on by default
[INFO] [stdout] 
[INFO] [stdout] 
[INFO] [stdout] warning: unused import: `lettre_email::*`
[INFO] [stdout]  --> src/mail.rs:8:5
[INFO] [stdout]   |
[INFO] [stdout] 8 | use lettre_email::*;
[INFO] [stdout]   |     ^^^^^^^^^^^^^^^
[INFO] [stdout] 
[INFO] [stdout] 
[INFO] [stdout] warning: unused import: `std::path::Path`
[INFO] [stdout]   --> src/mail.rs:16:5
[INFO] [stdout]    |
[INFO] [stdout] 16 | use std::path::Path;
[INFO] [stdout]    |     ^^^^^^^^^^^^^^^
[INFO] [stdout] 
[INFO] [stdout] 
[INFO] [stdout] warning: trait objects without an explicit `dyn` are deprecated
[INFO] [stdout]    --> src/manager.rs:305:60
[INFO] [stdout]     |
[INFO] [stdout] 305 | ) -> std::result::Result<EnrichedCountOrBudgetGiveout, Box<std::error::Error>> {
[INFO] [stdout]     |                                                            ^^^^^^^^^^^^^^^^^ help: use `dyn`: `dyn std::error::Error`
[INFO] [stdout] 
[INFO] [stdout] 
[INFO] [stdout] warning: trait objects without an explicit `dyn` are deprecated
[INFO] [stdout]    --> src/manager.rs:373:43
[INFO] [stdout]     |
[INFO] [stdout] 373 | ) -> std::result::Result<EnrichedFFA, Box<std::error::Error>> {
[INFO] [stdout]     |                                           ^^^^^^^^^^^^^^^^^ help: use `dyn`: `dyn std::error::Error`
[INFO] [stdout] 
[INFO] [stdout] 
[INFO] [stdout] warning: trait objects without an explicit `dyn` are deprecated
[INFO] [stdout]    --> src/manager.rs:441:40
[INFO] [stdout]     |
[INFO] [stdout] 441 |     ) -> Result<serde_json::Value, Box<::std::error::Error>>;
[INFO] [stdout]     |                                        ^^^^^^^^^^^^^^^^^^^ help: use `dyn`: `dyn (::std::error::Error)`
[INFO] [stdout] 
[INFO] [stdout] 
[INFO] [stdout] warning: trait objects without an explicit `dyn` are deprecated
[INFO] [stdout]    --> src/manager.rs:450:36
[INFO] [stdout]     |
[INFO] [stdout] 450 |     ) -> Result<RefreshedData, Box<::std::error::Error>>;
[INFO] [stdout]     |                                    ^^^^^^^^^^^^^^^^^^^ help: use `dyn`: `dyn (::std::error::Error)`
[INFO] [stdout] 
[INFO] [stdout] 
[INFO] [stdout] warning: trait objects without an explicit `dyn` are deprecated
[INFO] [stdout]    --> src/manager.rs:462:40
[INFO] [stdout]     |
[INFO] [stdout] 462 |     ) -> Result<serde_json::Value, Box<::std::error::Error>> {
[INFO] [stdout]     |                                        ^^^^^^^^^^^^^^^^^^^ help: use `dyn`: `dyn (::std::error::Error)`
[INFO] [stdout] 
[INFO] [stdout] 
[INFO] [stdout] warning: the item `DatastoreQueries` is imported redundantly
[INFO] [stdout]    --> src/manager.rs:464:13
[INFO] [stdout]     |
[INFO] [stdout] 2   | use rustix_bl::datastore::*;
[INFO] [stdout]     |     ----------------------- the item `DatastoreQueries` is already imported here
[INFO] [stdout] ...
[INFO] [stdout] 464 |         use rustix_bl::datastore::DatastoreQueries;
[INFO] [stdout]     |             ^^^^^^^^^^^^^^^^^^^^^^^^^^^^^^^^^^^^^^
[INFO] [stdout] 
[INFO] [stdout] 
[INFO] [stdout] warning: trait objects without an explicit `dyn` are deprecated
[INFO] [stdout]     --> src/manager.rs:1011:36
[INFO] [stdout]      |
[INFO] [stdout] 1011 |     ) -> Result<RefreshedData, Box<::std::error::Error>> {
[INFO] [stdout]      |                                    ^^^^^^^^^^^^^^^^^^^ help: use `dyn`: `dyn (::std::error::Error)`
[INFO] [stdout] 
[INFO] [stdout] 
[INFO] [stdout] warning: trait objects without an explicit `dyn` are deprecated
[INFO] [stdout]    --> src/manager.rs:235:40
[INFO] [stdout]     |
[INFO] [stdout] 235 | ) -> std::result::Result<Purchase, Box<std::error::Error>> {
[INFO] [stdout]     |                                        ^^^^^^^^^^^^^^^^^ help: use `dyn`: `dyn std::error::Error`
[INFO] [stdout]     |
[INFO] [stdout]     = note: `#[warn(bare_trait_objects)]` on by default
[INFO] [stdout] 
[INFO] [stdout] 
[INFO] [stdout] warning: the item `WriteBackend` is imported redundantly
[INFO] [stdout]     --> src/manager.rs:1013:13
[INFO] [stdout]      |
[INFO] [stdout] 3    | use rustix_bl::rustix_backend::*;
[INFO] [stdout]      |     ---------------------------- the item `WriteBackend` is already imported here
[INFO] [stdout] ...
[INFO] [stdout] 1013 |         use rustix_bl::rustix_backend::WriteBackend;
[INFO] [stdout]      |             ^^^^^^^^^^^^^^^^^^^^^^^^^^^^^^^^^^^^^^^
[INFO] [stdout] 
[INFO] [stdout] 
[INFO] [stdout] warning: trait objects without an explicit `dyn` are deprecated
[INFO] [stdout]    --> src/manager.rs:305:60
[INFO] [stdout]     |
[INFO] [stdout] 305 | ) -> std::result::Result<EnrichedCountOrBudgetGiveout, Box<std::error::Error>> {
[INFO] [stdout]     |                                                            ^^^^^^^^^^^^^^^^^ help: use `dyn`: `dyn std::error::Error`
[INFO] [stdout] 
[INFO] [stdout] 
[INFO] [stdout] warning: trait objects without an explicit `dyn` are deprecated
[INFO] [stdout]    --> src/manager.rs:373:43
[INFO] [stdout]     |
[INFO] [stdout] 373 | ) -> std::result::Result<EnrichedFFA, Box<std::error::Error>> {
[INFO] [stdout]     |                                           ^^^^^^^^^^^^^^^^^ help: use `dyn`: `dyn std::error::Error`
[INFO] [stdout] 
[INFO] [stdout] 
[INFO] [stdout] warning: trait objects without an explicit `dyn` are deprecated
[INFO] [stdout]    --> src/manager.rs:441:40
[INFO] [stdout]     |
[INFO] [stdout] 441 |     ) -> Result<serde_json::Value, Box<::std::error::Error>>;
[INFO] [stdout]     |                                        ^^^^^^^^^^^^^^^^^^^ help: use `dyn`: `dyn (::std::error::Error)`
[INFO] [stdout] 
[INFO] [stdout] 
[INFO] [stdout] warning: unused import: `Algorithm`
[INFO] [stdout]   --> src/server.rs:38:35
[INFO] [stdout]    |
[INFO] [stdout] 38 | use jwt::{encode, decode, Header, Algorithm, Validation};
[INFO] [stdout]    |                                   ^^^^^^^^^
[INFO] [stdout] 
[INFO] [stdout] 
[INFO] [stdout] warning: trait objects without an explicit `dyn` are deprecated
[INFO] [stdout]    --> src/manager.rs:450:36
[INFO] [stdout]     |
[INFO] [stdout] 450 |     ) -> Result<RefreshedData, Box<::std::error::Error>>;
[INFO] [stdout]     |                                    ^^^^^^^^^^^^^^^^^^^ help: use `dyn`: `dyn (::std::error::Error)`
[INFO] [stdout] 
[INFO] [stdout] 
[INFO] [stdout] warning: trait objects without an explicit `dyn` are deprecated
[INFO] [stdout]    --> src/manager.rs:462:40
[INFO] [stdout]     |
[INFO] [stdout] 462 |     ) -> Result<serde_json::Value, Box<::std::error::Error>> {
[INFO] [stdout]     |                                        ^^^^^^^^^^^^^^^^^^^ help: use `dyn`: `dyn (::std::error::Error)`
[INFO] [stdout] 
[INFO] [stdout] 
[INFO] [stdout] warning: the item `DatastoreQueries` is imported redundantly
[INFO] [stdout]    --> src/manager.rs:464:13
[INFO] [stdout]     |
[INFO] [stdout] 2   | use rustix_bl::datastore::*;
[INFO] [stdout]     |     ----------------------- the item `DatastoreQueries` is already imported here
[INFO] [stdout] ...
[INFO] [stdout] 464 |         use rustix_bl::datastore::DatastoreQueries;
[INFO] [stdout]     |             ^^^^^^^^^^^^^^^^^^^^^^^^^^^^^^^^^^^^^^
[INFO] [stdout] 
[INFO] [stdout] 
[INFO] [stdout] warning: trait objects without an explicit `dyn` are deprecated
[INFO] [stdout]     --> src/manager.rs:1011:36
[INFO] [stdout]      |
[INFO] [stdout] 1011 |     ) -> Result<RefreshedData, Box<::std::error::Error>> {
[INFO] [stdout]      |                                    ^^^^^^^^^^^^^^^^^^^ help: use `dyn`: `dyn (::std::error::Error)`
[INFO] [stdout] 
[INFO] [stdout] 
[INFO] [stdout] warning: unused import: `rustix_bl::persistencer::Persistencer`
[INFO] [stdout]    --> src/server.rs:322:9
[INFO] [stdout]     |
[INFO] [stdout] 322 |     use rustix_bl::persistencer::Persistencer;
[INFO] [stdout]     |         ^^^^^^^^^^^^^^^^^^^^^^^^^^^^^^^^^^^^^
[INFO] [stdout] 
[INFO] [stdout] 
[INFO] [stdout] warning: the item `WriteBackend` is imported redundantly
[INFO] [stdout]     --> src/manager.rs:1013:13
[INFO] [stdout]      |
[INFO] [stdout] 3    | use rustix_bl::rustix_backend::*;
[INFO] [stdout]      |     ---------------------------- the item `WriteBackend` is already imported here
[INFO] [stdout] ...
[INFO] [stdout] 1013 |         use rustix_bl::rustix_backend::WriteBackend;
[INFO] [stdout]      |             ^^^^^^^^^^^^^^^^^^^^^^^^^^^^^^^^^^^^^^^
[INFO] [stdout] 
[INFO] [stdout] 
[INFO] [stdout] warning: unused import: `Algorithm`
[INFO] [stdout]   --> src/server.rs:38:35
[INFO] [stdout]    |
[INFO] [stdout] 38 | use jwt::{encode, decode, Header, Algorithm, Validation};
[INFO] [stdout]    |                                   ^^^^^^^^^
[INFO] [stdout] 
[INFO] [stdout] 
[INFO] [stdout] warning: unused import: `rustix_bl::persistencer::Persistencer`
[INFO] [stdout]    --> src/server.rs:322:9
[INFO] [stdout]     |
[INFO] [stdout] 322 |     use rustix_bl::persistencer::Persistencer;
[INFO] [stdout]     |         ^^^^^^^^^^^^^^^^^^^^^^^^^^^^^^^^^^^^^
[INFO] [stdout] 
[INFO] [stdout] 
[INFO] [stdout] warning: unnecessary parentheses around type
[INFO] [stdout]     --> src/server.rs:2428:6
[INFO] [stdout]      |
[INFO] [stdout] 2428 | ) -> (iron::Listening) {
[INFO] [stdout]      |      ^^^^^^^^^^^^^^^^^ help: remove these parentheses
[INFO] [stdout]      |
[INFO] [stdout]      = note: `#[warn(unused_parens)]` on by default
[INFO] [stdout] 
[INFO] [stdout] 
[INFO] [stdout] warning: unnecessary parentheses around type
[INFO] [stdout]     --> src/server.rs:2428:6
[INFO] [stdout]      |
[INFO] [stdout] 2428 | ) -> (iron::Listening) {
[INFO] [stdout]      |      ^^^^^^^^^^^^^^^^^ help: remove these parentheses
[INFO] [stdout]      |
[INFO] [stdout]      = note: `#[warn(unused_parens)]` on by default
[INFO] [stdout] 
[INFO] [stdout] 
[INFO] [stdout] warning: use of deprecated function `std::env::home_dir`: This function's behavior is unexpected and probably not what you want. Consider using a crate from crates.io instead.
[INFO] [stdout]    --> src/configuration.rs:151:20
[INFO] [stdout]     |
[INFO] [stdout] 151 |     let mut path = std::env::home_dir().unwrap();
[INFO] [stdout]     |                    ^^^^^^^^^^^^^^^^^^
[INFO] [stdout]     |
[INFO] [stdout]     = note: `#[warn(deprecated)]` on by default
[INFO] [stdout] 
[INFO] [stdout] 
[INFO] [stdout] warning: use of deprecated function `std::env::home_dir`: This function's behavior is unexpected and probably not what you want. Consider using a crate from crates.io instead.
[INFO] [stdout]    --> src/configuration.rs:151:20
[INFO] [stdout]     |
[INFO] [stdout] 151 |     let mut path = std::env::home_dir().unwrap();
[INFO] [stdout]     |                    ^^^^^^^^^^^^^^^^^^
[INFO] [stdout]     |
[INFO] [stdout]     = note: `#[warn(deprecated)]` on by default
[INFO] [stdout] 
[INFO] [stdout] 
[INFO] [stdout] error[E0369]: binary operation `!=` cannot be applied to type `rustix_bl::datastore::BillState`
[INFO] [stdout]    --> src/server.rs:511:98
[INFO] [stdout]     |
[INFO] [stdout] 511 | ...into_iter().filter(|b| b.bill_state != rustix_bl::datastore::BillState::Created).collect();
[INFO] [stdout]     |                           ------------ ^^ ---------------------------------------- rustix_bl::datastore::BillState
[INFO] [stdout]     |                           |
[INFO] [stdout]     |                           rustix_bl::datastore::BillState
[INFO] [stdout] 
[INFO] [stdout] 
[INFO] [stdout] warning: use of deprecated associated function `std::error::Error::description`: use the Display impl or to_string()
[INFO] [stdout]    --> src/server.rs:781:61
[INFO] [stdout]     |
[INFO] [stdout] 781 | ...                   error_message: Some(err.description().to_string()),
[INFO] [stdout]     |                                               ^^^^^^^^^^^
[INFO] [stdout] 
[INFO] [stdout] 
[INFO] [stdout] warning: use of deprecated associated function `std::error::Error::description`: use the Display impl or to_string()
[INFO] [stdout]    --> src/server.rs:857:61
[INFO] [stdout]     |
[INFO] [stdout] 857 | ...                   error_message: Some(err.description().to_string()),
[INFO] [stdout]     |                                               ^^^^^^^^^^^
[INFO] [stdout] 
[INFO] [stdout] 
[INFO] [stdout] warning: use of deprecated associated function `std::error::Error::description`: use the Display impl or to_string()
[INFO] [stdout]    --> src/server.rs:922:57
[INFO] [stdout]     |
[INFO] [stdout] 922 | ...                   error_message: Some(err.description().to_string()),
[INFO] [stdout]     |                                               ^^^^^^^^^^^
[INFO] [stdout] 
[INFO] [stdout] 
[INFO] [stdout] warning: use of deprecated associated function `std::error::Error::description`: use the Display impl or to_string()
[INFO] [stdout]     --> src/server.rs:1012:57
[INFO] [stdout]      |
[INFO] [stdout] 1012 | ...                   error_message: Some(err.description().to_string()),
[INFO] [stdout]      |                                               ^^^^^^^^^^^
[INFO] [stdout] 
[INFO] [stdout] 
[INFO] [stdout] warning: use of deprecated associated function `std::error::Error::description`: use the Display impl or to_string()
[INFO] [stdout]     --> src/server.rs:1063:57
[INFO] [stdout]      |
[INFO] [stdout] 1063 | ...                   error_message: Some(err.description().to_string()),
[INFO] [stdout]      |                                               ^^^^^^^^^^^
[INFO] [stdout] 
[INFO] [stdout] 
[INFO] [stdout] warning: use of deprecated associated function `std::error::Error::description`: use the Display impl or to_string()
[INFO] [stdout]     --> src/server.rs:1115:57
[INFO] [stdout]      |
[INFO] [stdout] 1115 | ...                   error_message: Some(err.description().to_string()),
[INFO] [stdout]      |                                               ^^^^^^^^^^^
[INFO] [stdout] 
[INFO] [stdout] 
[INFO] [stdout] warning: use of deprecated associated function `std::error::Error::description`: use the Display impl or to_string()
[INFO] [stdout]     --> src/server.rs:1169:57
[INFO] [stdout]      |
[INFO] [stdout] 1169 | ...                   error_message: Some(err.description().to_string()),
[INFO] [stdout]      |                                               ^^^^^^^^^^^
[INFO] [stdout] 
[INFO] [stdout] 
[INFO] [stdout] warning: use of deprecated associated function `std::error::Error::description`: use the Display impl or to_string()
[INFO] [stdout]     --> src/server.rs:1222:57
[INFO] [stdout]      |
[INFO] [stdout] 1222 | ...                   error_message: Some(err.description().to_string()),
[INFO] [stdout]      |                                               ^^^^^^^^^^^
[INFO] [stdout] 
[INFO] [stdout] 
[INFO] [stdout] warning: use of deprecated associated function `std::error::Error::description`: use the Display impl or to_string()
[INFO] [stdout]     --> src/server.rs:1272:57
[INFO] [stdout]      |
[INFO] [stdout] 1272 | ...                   error_message: Some(err.description().to_string()),
[INFO] [stdout]      |                                               ^^^^^^^^^^^
[INFO] [stdout] 
[INFO] [stdout] 
[INFO] [stdout] warning: use of deprecated associated function `std::error::Error::description`: use the Display impl or to_string()
[INFO] [stdout]     --> src/server.rs:1322:57
[INFO] [stdout]      |
[INFO] [stdout] 1322 | ...                   error_message: Some(err.description().to_string()),
[INFO] [stdout]      |                                               ^^^^^^^^^^^
[INFO] [stdout] 
[INFO] [stdout] 
[INFO] [stdout] warning: use of deprecated associated function `std::error::Error::description`: use the Display impl or to_string()
[INFO] [stdout]     --> src/server.rs:1372:57
[INFO] [stdout]      |
[INFO] [stdout] 1372 | ...                   error_message: Some(err.description().to_string()),
[INFO] [stdout]      |                                               ^^^^^^^^^^^
[INFO] [stdout] 
[INFO] [stdout] 
[INFO] [stdout] warning: use of deprecated associated function `std::error::Error::description`: use the Display impl or to_string()
[INFO] [stdout]     --> src/server.rs:1431:57
[INFO] [stdout]      |
[INFO] [stdout] 1431 | ...                   error_message: Some(err.description().to_string()),
[INFO] [stdout]      |                                               ^^^^^^^^^^^
[INFO] [stdout] 
[INFO] [stdout] 
[INFO] [stdout] warning: use of deprecated associated function `std::error::Error::description`: use the Display impl or to_string()
[INFO] [stdout]     --> src/server.rs:1483:57
[INFO] [stdout]      |
[INFO] [stdout] 1483 | ...                   error_message: Some(err.description().to_string()),
[INFO] [stdout]      |                                               ^^^^^^^^^^^
[INFO] [stdout] 
[INFO] [stdout] 
[INFO] [stdout] warning: use of deprecated associated function `std::error::Error::description`: use the Display impl or to_string()
[INFO] [stdout]     --> src/server.rs:1536:57
[INFO] [stdout]      |
[INFO] [stdout] 1536 | ...                   error_message: Some(err.description().to_string()),
[INFO] [stdout]      |                                               ^^^^^^^^^^^
[INFO] [stdout] 
[INFO] [stdout] 
[INFO] [stdout] warning: use of deprecated associated function `std::error::Error::description`: use the Display impl or to_string()
[INFO] [stdout]     --> src/server.rs:1590:57
[INFO] [stdout]      |
[INFO] [stdout] 1590 | ...                   error_message: Some(err.description().to_string()),
[INFO] [stdout]      |                                               ^^^^^^^^^^^
[INFO] [stdout] 
[INFO] [stdout] 
[INFO] [stdout] warning: use of deprecated associated function `std::error::Error::description`: use the Display impl or to_string()
[INFO] [stdout]     --> src/server.rs:1641:57
[INFO] [stdout]      |
[INFO] [stdout] 1641 | ...                   error_message: Some(err.description().to_string()),
[INFO] [stdout]      |                                               ^^^^^^^^^^^
[INFO] [stdout] 
[INFO] [stdout] 
[INFO] [stdout] warning: use of deprecated associated function `std::error::Error::description`: use the Display impl or to_string()
[INFO] [stdout]     --> src/server.rs:1692:57
[INFO] [stdout]      |
[INFO] [stdout] 1692 | ...                   error_message: Some(err.description().to_string()),
[INFO] [stdout]      |                                               ^^^^^^^^^^^
[INFO] [stdout] 
[INFO] [stdout] 
[INFO] [stdout] warning: use of deprecated associated function `std::error::Error::description`: use the Display impl or to_string()
[INFO] [stdout]     --> src/server.rs:1850:57
[INFO] [stdout]      |
[INFO] [stdout] 1850 | ...                   error_message: Some(err.description().to_string()),
[INFO] [stdout]      |                                               ^^^^^^^^^^^
[INFO] [stdout] 
[INFO] [stdout] 
[INFO] [stdout] warning: use of deprecated associated function `std::error::Error::description`: use the Display impl or to_string()
[INFO] [stdout]     --> src/server.rs:1901:57
[INFO] [stdout]      |
[INFO] [stdout] 1901 | ...                   error_message: Some(err.description().to_string()),
[INFO] [stdout]      |                                               ^^^^^^^^^^^
[INFO] [stdout] 
[INFO] [stdout] 
[INFO] [stdout] warning: use of deprecated associated function `std::error::Error::description`: use the Display impl or to_string()
[INFO] [stdout]     --> src/server.rs:1954:57
[INFO] [stdout]      |
[INFO] [stdout] 1954 | ...                   error_message: Some(err.description().to_string()),
[INFO] [stdout]      |                                               ^^^^^^^^^^^
[INFO] [stdout] 
[INFO] [stdout] 
[INFO] [stdout] error[E0369]: binary operation `!=` cannot be applied to type `rustix_bl::datastore::BillState`
[INFO] [stdout]    --> src/server.rs:511:98
[INFO] [stdout]     |
[INFO] [stdout] 511 | ...into_iter().filter(|b| b.bill_state != rustix_bl::datastore::BillState::Created).collect();
[INFO] [stdout]     |                           ------------ ^^ ---------------------------------------- rustix_bl::datastore::BillState
[INFO] [stdout]     |                           |
[INFO] [stdout]     |                           rustix_bl::datastore::BillState
[INFO] [stdout] 
[INFO] [stdout] 
[INFO] [stdout] warning: use of deprecated associated function `std::error::Error::description`: use the Display impl or to_string()
[INFO] [stdout]    --> src/server.rs:781:61
[INFO] [stdout]     |
[INFO] [stdout] 781 | ...                   error_message: Some(err.description().to_string()),
[INFO] [stdout]     |                                               ^^^^^^^^^^^
[INFO] [stdout] 
[INFO] [stdout] 
[INFO] [stdout] warning: use of deprecated associated function `std::error::Error::description`: use the Display impl or to_string()
[INFO] [stdout]    --> src/server.rs:857:61
[INFO] [stdout]     |
[INFO] [stdout] 857 | ...                   error_message: Some(err.description().to_string()),
[INFO] [stdout]     |                                               ^^^^^^^^^^^
[INFO] [stdout] 
[INFO] [stdout] 
[INFO] [stdout] warning: use of deprecated associated function `std::error::Error::description`: use the Display impl or to_string()
[INFO] [stdout]    --> src/server.rs:922:57
[INFO] [stdout]     |
[INFO] [stdout] 922 | ...                   error_message: Some(err.description().to_string()),
[INFO] [stdout]     |                                               ^^^^^^^^^^^
[INFO] [stdout] 
[INFO] [stdout] 
[INFO] [stdout] warning: use of deprecated associated function `std::error::Error::description`: use the Display impl or to_string()
[INFO] [stdout]     --> src/server.rs:1012:57
[INFO] [stdout]      |
[INFO] [stdout] 1012 | ...                   error_message: Some(err.description().to_string()),
[INFO] [stdout]      |                                               ^^^^^^^^^^^
[INFO] [stdout] 
[INFO] [stdout] 
[INFO] [stdout] warning: use of deprecated associated function `std::error::Error::description`: use the Display impl or to_string()
[INFO] [stdout]     --> src/server.rs:1063:57
[INFO] [stdout]      |
[INFO] [stdout] 1063 | ...                   error_message: Some(err.description().to_string()),
[INFO] [stdout]      |                                               ^^^^^^^^^^^
[INFO] [stdout] 
[INFO] [stdout] 
[INFO] [stdout] warning: use of deprecated associated function `std::error::Error::description`: use the Display impl or to_string()
[INFO] [stdout]     --> src/server.rs:1115:57
[INFO] [stdout]      |
[INFO] [stdout] 1115 | ...                   error_message: Some(err.description().to_string()),
[INFO] [stdout]      |                                               ^^^^^^^^^^^
[INFO] [stdout] 
[INFO] [stdout] 
[INFO] [stdout] warning: use of deprecated associated function `std::error::Error::description`: use the Display impl or to_string()
[INFO] [stdout]     --> src/server.rs:1169:57
[INFO] [stdout]      |
[INFO] [stdout] 1169 | ...                   error_message: Some(err.description().to_string()),
[INFO] [stdout]      |                                               ^^^^^^^^^^^
[INFO] [stdout] 
[INFO] [stdout] 
[INFO] [stdout] warning: use of deprecated associated function `std::error::Error::description`: use the Display impl or to_string()
[INFO] [stdout]     --> src/server.rs:1222:57
[INFO] [stdout]      |
[INFO] [stdout] 1222 | ...                   error_message: Some(err.description().to_string()),
[INFO] [stdout]      |                                               ^^^^^^^^^^^
[INFO] [stdout] 
[INFO] [stdout] 
[INFO] [stdout] warning: use of deprecated associated function `std::error::Error::description`: use the Display impl or to_string()
[INFO] [stdout]     --> src/server.rs:1272:57
[INFO] [stdout]      |
[INFO] [stdout] 1272 | ...                   error_message: Some(err.description().to_string()),
[INFO] [stdout]      |                                               ^^^^^^^^^^^
[INFO] [stdout] 
[INFO] [stdout] 
[INFO] [stdout] warning: use of deprecated associated function `std::error::Error::description`: use the Display impl or to_string()
[INFO] [stdout]     --> src/server.rs:1322:57
[INFO] [stdout]      |
[INFO] [stdout] 1322 | ...                   error_message: Some(err.description().to_string()),
[INFO] [stdout]      |                                               ^^^^^^^^^^^
[INFO] [stdout] 
[INFO] [stdout] 
[INFO] [stdout] warning: use of deprecated associated function `std::error::Error::description`: use the Display impl or to_string()
[INFO] [stdout]     --> src/server.rs:1372:57
[INFO] [stdout]      |
[INFO] [stdout] 1372 | ...                   error_message: Some(err.description().to_string()),
[INFO] [stdout]      |                                               ^^^^^^^^^^^
[INFO] [stdout] 
[INFO] [stdout] 
[INFO] [stdout] warning: use of deprecated associated function `std::error::Error::description`: use the Display impl or to_string()
[INFO] [stdout]     --> src/server.rs:1431:57
[INFO] [stdout]      |
[INFO] [stdout] 1431 | ...                   error_message: Some(err.description().to_string()),
[INFO] [stdout]      |                                               ^^^^^^^^^^^
[INFO] [stdout] 
[INFO] [stdout] 
[INFO] [stdout] warning: use of deprecated associated function `std::error::Error::description`: use the Display impl or to_string()
[INFO] [stdout]     --> src/server.rs:1483:57
[INFO] [stdout]      |
[INFO] [stdout] 1483 | ...                   error_message: Some(err.description().to_string()),
[INFO] [stdout]      |                                               ^^^^^^^^^^^
[INFO] [stdout] 
[INFO] [stdout] 
[INFO] [stdout] warning: use of deprecated associated function `std::error::Error::description`: use the Display impl or to_string()
[INFO] [stdout]     --> src/server.rs:1536:57
[INFO] [stdout]      |
[INFO] [stdout] 1536 | ...                   error_message: Some(err.description().to_string()),
[INFO] [stdout]      |                                               ^^^^^^^^^^^
[INFO] [stdout] 
[INFO] [stdout] 
[INFO] [stdout] warning: use of deprecated associated function `std::error::Error::description`: use the Display impl or to_string()
[INFO] [stdout]     --> src/server.rs:1590:57
[INFO] [stdout]      |
[INFO] [stdout] 1590 | ...                   error_message: Some(err.description().to_string()),
[INFO] [stdout]      |                                               ^^^^^^^^^^^
[INFO] [stdout] 
[INFO] [stdout] 
[INFO] [stdout] warning: use of deprecated associated function `std::error::Error::description`: use the Display impl or to_string()
[INFO] [stdout]     --> src/server.rs:1641:57
[INFO] [stdout]      |
[INFO] [stdout] 1641 | ...                   error_message: Some(err.description().to_string()),
[INFO] [stdout]      |                                               ^^^^^^^^^^^
[INFO] [stdout] 
[INFO] [stdout] 
[INFO] [stdout] warning: use of deprecated associated function `std::error::Error::description`: use the Display impl or to_string()
[INFO] [stdout]     --> src/server.rs:1692:57
[INFO] [stdout]      |
[INFO] [stdout] 1692 | ...                   error_message: Some(err.description().to_string()),
[INFO] [stdout]      |                                               ^^^^^^^^^^^
[INFO] [stdout] 
[INFO] [stdout] 
[INFO] [stdout] warning: use of deprecated associated function `std::error::Error::description`: use the Display impl or to_string()
[INFO] [stdout]     --> src/server.rs:1850:57
[INFO] [stdout]      |
[INFO] [stdout] 1850 | ...                   error_message: Some(err.description().to_string()),
[INFO] [stdout]      |                                               ^^^^^^^^^^^
[INFO] [stdout] 
[INFO] [stdout] 
[INFO] [stdout] warning: use of deprecated associated function `std::error::Error::description`: use the Display impl or to_string()
[INFO] [stdout]     --> src/server.rs:1901:57
[INFO] [stdout]      |
[INFO] [stdout] 1901 | ...                   error_message: Some(err.description().to_string()),
[INFO] [stdout]      |                                               ^^^^^^^^^^^
[INFO] [stdout] 
[INFO] [stdout] 
[INFO] [stdout] warning: use of deprecated associated function `std::error::Error::description`: use the Display impl or to_string()
[INFO] [stdout]     --> src/server.rs:1954:57
[INFO] [stdout]      |
[INFO] [stdout] 1954 | ...                   error_message: Some(err.description().to_string()),
[INFO] [stdout]      |                                               ^^^^^^^^^^^
[INFO] [stdout] 
[INFO] [stdout] 
[INFO] [stdout] error[E0599]: no method named `load_into_string` found for struct `FilePersister` in the current scope
[INFO] [stdout]     --> src/server.rs:2116:33
[INFO] [stdout]      |
[INFO] [stdout] 2116 |         match &dat.persistencer.load_into_string() {
[INFO] [stdout]      |                                 ^^^^^^^^^^^^^^^^ method not found in `FilePersister`
[INFO] [stdout] 
[INFO] [stdout] 
[INFO] [stdout] warning: use of deprecated associated function `std::error::Error::description`: use the Display impl or to_string()
[INFO] [stdout]     --> src/server.rs:2517:39
[INFO] [stdout]      |
[INFO] [stdout] 2517 |                 error_message: Some(e.description().to_string()),
[INFO] [stdout]      |                                       ^^^^^^^^^^^
[INFO] [stdout] 
[INFO] [stdout] 
[INFO] [stdout] error[E0277]: the `?` operator can only be applied to values that implement `Try`
[INFO] [stdout]     --> src/server.rs:2526:19
[INFO] [stdout]      |
[INFO] [stdout] 2526 |     let mut res = reqwest::get(url)?;
[INFO] [stdout]      |                   ^^^^^^^^^^^^^^^^^^ the `?` operator cannot be applied to type `impl std::future::Future`
[INFO] [stdout]      |
[INFO] [stdout]      = help: the trait `Try` is not implemented for `impl std::future::Future`
[INFO] [stdout]      = note: required by `into_result`
[INFO] [stdout] 
[INFO] [stdout] 
[INFO] [stdout] error[E0599]: no method named `load_into_string` found for struct `FilePersister` in the current scope
[INFO] [stdout]     --> src/server.rs:2116:33
[INFO] [stdout]      |
[INFO] [stdout] 2116 |         match &dat.persistencer.load_into_string() {
[INFO] [stdout]      |                                 ^^^^^^^^^^^^^^^^ method not found in `FilePersister`
[INFO] [stdout] 
[INFO] [stdout] 
[INFO] [stdout] error[E0277]: the `?` operator can only be applied to values that implement `Try`
[INFO] [stdout]     --> src/server.rs:2545:19
[INFO] [stdout]      |
[INFO] [stdout] 2545 |       let mut res = client
[INFO] [stdout]      |  ___________________^
[INFO] [stdout] 2546 | |         .post(url)
[INFO] [stdout] 2547 | |         .body(serde_json::to_string(content).unwrap())
[INFO] [stdout] 2548 | |         .send()?;
[INFO] [stdout]      | |________________^ the `?` operator cannot be applied to type `impl std::future::Future`
[INFO] [stdout]      |
[INFO] [stdout]      = help: the trait `Try` is not implemented for `impl std::future::Future`
[INFO] [stdout]      = note: required by `into_result`
[INFO] [stdout] 
[INFO] [stdout] 
[INFO] [stdout] error[E0277]: cannot add `time::Duration` to `chrono::DateTime<chrono::Utc>`
[INFO] [stdout]    --> src/billformatter.rs:384:51
[INFO] [stdout]     |
[INFO] [stdout] 384 |             bill_date_late: billing_creation_date + time::Duration::seconds(14 * 24 * 60 * 60),
[INFO] [stdout]     |                                                   ^ no implementation for `chrono::DateTime<chrono::Utc> + time::Duration`
[INFO] [stdout]     |
[INFO] [stdout]     = help: the trait `Add<time::Duration>` is not implemented for `chrono::DateTime<chrono::Utc>`
[INFO] [stdout] 
[INFO] [stdout] 
[INFO] [stdout] error[E0277]: cannot add `time::Duration` to `chrono::DateTime<chrono::Utc>`
[INFO] [stdout]    --> src/billformatter.rs:386:17
[INFO] [stdout]     |
[INFO] [stdout] 386 |                 + time::Duration::seconds(100 * 365 * 24 * 60 * 60),
[INFO] [stdout]     |                 ^ no implementation for `chrono::DateTime<chrono::Utc> + time::Duration`
[INFO] [stdout]     |
[INFO] [stdout]     = help: the trait `Add<time::Duration>` is not implemented for `chrono::DateTime<chrono::Utc>`
[INFO] [stdout] 
[INFO] [stdout] 
[INFO] [stdout] error[E0277]: cannot add `time::Duration` to `chrono::DateTime<chrono::Utc>`
[INFO] [stdout]    --> src/billformatter.rs:702:21
[INFO] [stdout]     |
[INFO] [stdout] 702 |                     + time::Duration::seconds((60i64 * 60i64 * 24i64) * (*day as i64));
[INFO] [stdout]     |                     ^ no implementation for `chrono::DateTime<chrono::Utc> + time::Duration`
[INFO] [stdout]     |
[INFO] [stdout]     = help: the trait `Add<time::Duration>` is not implemented for `chrono::DateTime<chrono::Utc>`
[INFO] [stdout] 
[INFO] [stdout] 
[INFO] [stdout] error: aborting due to 8 previous errors; 37 warnings emitted
[INFO] [stdout] 
[INFO] [stdout] 
[INFO] [stdout] Some errors have detailed explanations: E0277, E0369, E0425, E0599.
[INFO] [stdout] 
[INFO] [stdout] For more information about an error, try `rustc --explain E0277`.
[INFO] [stdout] 
[INFO] [stderr] error: could not compile `cervisia-server`.
[INFO] [stderr] 
[INFO] [stderr] To learn more, run the command again with --verbose.
[INFO] [stderr] warning: build failed, waiting for other jobs to finish...
[INFO] [stdout] warning: use of deprecated associated function `std::error::Error::description`: use the Display impl or to_string()
[INFO] [stdout]     --> src/server.rs:2517:39
[INFO] [stdout]      |
[INFO] [stdout] 2517 |                 error_message: Some(e.description().to_string()),
[INFO] [stdout]      |                                       ^^^^^^^^^^^
[INFO] [stdout] 
[INFO] [stdout] 
[INFO] [stdout] error[E0277]: the `?` operator can only be applied to values that implement `Try`
[INFO] [stdout]     --> src/server.rs:2526:19
[INFO] [stdout]      |
[INFO] [stdout] 2526 |     let mut res = reqwest::get(url)?;
[INFO] [stdout]      |                   ^^^^^^^^^^^^^^^^^^ the `?` operator cannot be applied to type `impl std::future::Future`
[INFO] [stdout]      |
[INFO] [stdout]      = help: the trait `Try` is not implemented for `impl std::future::Future`
[INFO] [stdout]      = note: required by `into_result`
[INFO] [stdout] 
[INFO] [stdout] 
[INFO] [stdout] error[E0277]: the `?` operator can only be applied to values that implement `Try`
[INFO] [stdout]     --> src/server.rs:2545:19
[INFO] [stdout]      |
[INFO] [stdout] 2545 |       let mut res = client
[INFO] [stdout]      |  ___________________^
[INFO] [stdout] 2546 | |         .post(url)
[INFO] [stdout] 2547 | |         .body(serde_json::to_string(content).unwrap())
[INFO] [stdout] 2548 | |         .send()?;
[INFO] [stdout]      | |________________^ the `?` operator cannot be applied to type `impl std::future::Future`
[INFO] [stdout]      |
[INFO] [stdout]      = help: the trait `Try` is not implemented for `impl std::future::Future`
[INFO] [stdout]      = note: required by `into_result`
[INFO] [stdout] 
[INFO] [stdout] 
[INFO] [stdout] error[E0277]: cannot add `time::Duration` to `chrono::DateTime<chrono::Utc>`
[INFO] [stdout]    --> src/billformatter.rs:384:51
[INFO] [stdout]     |
[INFO] [stdout] 384 |             bill_date_late: billing_creation_date + time::Duration::seconds(14 * 24 * 60 * 60),
[INFO] [stdout]     |                                                   ^ no implementation for `chrono::DateTime<chrono::Utc> + time::Duration`
[INFO] [stdout]     |
[INFO] [stdout]     = help: the trait `Add<time::Duration>` is not implemented for `chrono::DateTime<chrono::Utc>`
[INFO] [stdout] 
[INFO] [stdout] 
[INFO] [stdout] error[E0277]: cannot add `time::Duration` to `chrono::DateTime<chrono::Utc>`
[INFO] [stdout]    --> src/billformatter.rs:386:17
[INFO] [stdout]     |
[INFO] [stdout] 386 |                 + time::Duration::seconds(100 * 365 * 24 * 60 * 60),
[INFO] [stdout]     |                 ^ no implementation for `chrono::DateTime<chrono::Utc> + time::Duration`
[INFO] [stdout]     |
[INFO] [stdout]     = help: the trait `Add<time::Duration>` is not implemented for `chrono::DateTime<chrono::Utc>`
[INFO] [stdout] 
[INFO] [stdout] 
[INFO] [stdout] error[E0277]: cannot add `time::Duration` to `chrono::DateTime<chrono::Utc>`
[INFO] [stdout]    --> src/billformatter.rs:702:21
[INFO] [stdout]     |
[INFO] [stdout] 702 |                     + time::Duration::seconds((60i64 * 60i64 * 24i64) * (*day as i64));
[INFO] [stdout]     |                     ^ no implementation for `chrono::DateTime<chrono::Utc> + time::Duration`
[INFO] [stdout]     |
[INFO] [stdout]     = help: the trait `Add<time::Duration>` is not implemented for `chrono::DateTime<chrono::Utc>`
[INFO] [stdout] 
[INFO] [stdout] 
[INFO] [stdout] error: aborting due to 8 previous errors; 37 warnings emitted
[INFO] [stdout] 
[INFO] [stdout] 
[INFO] [stdout] Some errors have detailed explanations: E0277, E0369, E0425, E0599.
[INFO] [stdout] 
[INFO] [stdout] For more information about an error, try `rustc --explain E0277`.
[INFO] [stdout] 
[INFO] [stderr] error: build failed
[INFO] running `Command { std: "docker" "inspect" "f194f0dff72550cddfc0d87595919706e6ca3a99cae2cb11d48a3e90eb2a4410", kill_on_drop: false }`
[INFO] running `Command { std: "docker" "rm" "-f" "f194f0dff72550cddfc0d87595919706e6ca3a99cae2cb11d48a3e90eb2a4410", kill_on_drop: false }`
[INFO] [stdout] f194f0dff72550cddfc0d87595919706e6ca3a99cae2cb11d48a3e90eb2a4410
